{"id":486,"date":"2023-09-20T23:06:06","date_gmt":"2023-09-20T23:06:06","guid":{"rendered":"https:\/\/blog.bancatlan.sv\/blog\/?page_id=486"},"modified":"2024-04-29T20:22:04","modified_gmt":"2024-04-29T20:22:04","slug":"consejos-financieros","status":"publish","type":"page","link":"https:\/\/blog.bancatlan.sv\/blog\/consejos-financieros\/","title":{"rendered":"Salud financiera"},"content":{"rendered":"\t\t<div data-elementor-type=\"wp-page\" data-elementor-id=\"486\" class=\"elementor elementor-486\" data-elementor-post-type=\"page\">\n\t\t\t\t\t\t\t\t\t<section class=\"elementor-section elementor-top-section elementor-element elementor-element-37cf7c5 elementor-section-boxed elementor-section-height-default elementor-section-height-default\" data-id=\"37cf7c5\" data-element_type=\"section\">\n\t\t\t\t\t\t<div class=\"elementor-container elementor-column-gap-default\">\n\t\t\t\t\t<div class=\"elementor-column elementor-col-100 elementor-top-column elementor-element elementor-element-134be3a\" data-id=\"134be3a\" data-element_type=\"column\">\n\t\t\t<div class=\"elementor-widget-wrap elementor-element-populated\">\n\t\t\t\t\t\t\t\t<div class=\"elementor-element elementor-element-a3ad737 elementor-grid-1 elementor-posts--thumbnail-left elementor-grid-tablet-2 elementor-grid-mobile-1 elementor-widget elementor-widget-posts\" data-id=\"a3ad737\" data-element_type=\"widget\" data-settings=\"{&quot;classic_columns&quot;:&quot;1&quot;,&quot;pagination_type&quot;:&quot;numbers&quot;,&quot;classic_columns_tablet&quot;:&quot;2&quot;,&quot;classic_columns_mobile&quot;:&quot;1&quot;,&quot;classic_row_gap&quot;:{&quot;unit&quot;:&quot;px&quot;,&quot;size&quot;:35,&quot;sizes&quot;:[]},&quot;classic_row_gap_tablet&quot;:{&quot;unit&quot;:&quot;px&quot;,&quot;size&quot;:&quot;&quot;,&quot;sizes&quot;:[]},&quot;classic_row_gap_mobile&quot;:{&quot;unit&quot;:&quot;px&quot;,&quot;size&quot;:&quot;&quot;,&quot;sizes&quot;:[]}}\" data-widget_type=\"posts.classic\">\n\t\t\t\t<div class=\"elementor-widget-container\">\n\t\t\t<link rel=\"stylesheet\" href=\"https:\/\/blog.bancatlan.sv\/blog\/wp-content\/plugins\/elementor-pro\/assets\/css\/widget-posts.min.css\">\t\t<div class=\"elementor-posts-container elementor-posts elementor-posts--skin-classic elementor-grid\">\n\t\t\t\t<article class=\"elementor-post elementor-grid-item post-862 post type-post status-publish format-standard has-post-thumbnail hentry category-consejos\">\n\t\t\t\t<a class=\"elementor-post__thumbnail__link\" href=\"https:\/\/blog.bancatlan.sv\/blog\/guia-basica-sobre-tarjetas-de-credito\/\" tabindex=\"-1\" >\n\t\t\t<div class=\"elementor-post__thumbnail\"><img loading=\"lazy\" decoding=\"async\" width=\"464\" height=\"309\" src=\"https:\/\/blog.bancatlan.sv\/blog\/wp-content\/uploads\/2026\/03\/young-caucasian-woman-using-laptop-make-online-purchase-with-credit-card-sitting-home-low.jpg\" class=\"attachment-full size-full wp-image-863\" alt=\"\" \/><\/div>\n\t\t<\/a>\n\t\t\t\t<div class=\"elementor-post__text\">\n\t\t\t\t<h3 class=\"elementor-post__title\">\n\t\t\t<a href=\"https:\/\/blog.bancatlan.sv\/blog\/guia-basica-sobre-tarjetas-de-credito\/\" >\n\t\t\t\tGu\u00eda b\u00e1sica sobre tarjetas de cr\u00e9dito\t\t\t<\/a>\n\t\t<\/h3>\n\t\t\n\t\t<a class=\"elementor-post__read-more\" href=\"https:\/\/blog.bancatlan.sv\/blog\/guia-basica-sobre-tarjetas-de-credito\/\" aria-label=\"M\u00e1s informaci\u00f3n sobre Gu\u00eda b\u00e1sica sobre tarjetas de cr\u00e9dito\" tabindex=\"-1\" >\n\t\t\tLeer m\u00e1s \u00bb\t\t<\/a>\n\n\t\t\t\t<\/div>\n\t\t\t\t<\/article>\n\t\t\t\t<article class=\"elementor-post elementor-grid-item post-846 post type-post status-publish format-standard has-post-thumbnail hentry category-consejos\">\n\t\t\t\t<a class=\"elementor-post__thumbnail__link\" href=\"https:\/\/blog.bancatlan.sv\/blog\/sabes-que-es-un-seguro-y-como-elegirlo\/\" tabindex=\"-1\" >\n\t\t\t<div class=\"elementor-post__thumbnail\"><img loading=\"lazy\" decoding=\"async\" width=\"1920\" height=\"1280\" src=\"https:\/\/blog.bancatlan.sv\/blog\/wp-content\/uploads\/2026\/02\/young-happy-couple-shaking-hands-with-insurance-agent-meeting-office.jpg\" class=\"attachment-full size-full wp-image-849\" alt=\"\" \/><\/div>\n\t\t<\/a>\n\t\t\t\t<div class=\"elementor-post__text\">\n\t\t\t\t<h3 class=\"elementor-post__title\">\n\t\t\t<a href=\"https:\/\/blog.bancatlan.sv\/blog\/sabes-que-es-un-seguro-y-como-elegirlo\/\" >\n\t\t\t\t\u00bfSabes qu\u00e9 es un seguro y c\u00f3mo elegirlo?\t\t\t<\/a>\n\t\t<\/h3>\n\t\t\n\t\t<a class=\"elementor-post__read-more\" href=\"https:\/\/blog.bancatlan.sv\/blog\/sabes-que-es-un-seguro-y-como-elegirlo\/\" aria-label=\"M\u00e1s informaci\u00f3n sobre \u00bfSabes qu\u00e9 es un seguro y c\u00f3mo elegirlo?\" tabindex=\"-1\" >\n\t\t\tLeer m\u00e1s \u00bb\t\t<\/a>\n\n\t\t\t\t<\/div>\n\t\t\t\t<\/article>\n\t\t\t\t<article class=\"elementor-post elementor-grid-item post-854 post type-post status-publish format-standard has-post-thumbnail hentry category-consejos\">\n\t\t\t\t<a class=\"elementor-post__thumbnail__link\" href=\"https:\/\/blog.bancatlan.sv\/blog\/organiza-tu-presupuesto-para-las-metas-de-ano-nuevo\/\" tabindex=\"-1\" >\n\t\t\t<div class=\"elementor-post__thumbnail\"><img loading=\"lazy\" decoding=\"async\" width=\"464\" height=\"309\" src=\"https:\/\/blog.bancatlan.sv\/blog\/wp-content\/uploads\/2026\/02\/photo-young-inexperienced-entrepreneur-records-information-from-business-documents-notepad-studies-graphics-charts-gets-prepared-presenting-information-investors-drinks-coffee-464x309-1.jpg\" class=\"attachment-full size-full wp-image-855\" alt=\"\" \/><\/div>\n\t\t<\/a>\n\t\t\t\t<div class=\"elementor-post__text\">\n\t\t\t\t<h3 class=\"elementor-post__title\">\n\t\t\t<a href=\"https:\/\/blog.bancatlan.sv\/blog\/organiza-tu-presupuesto-para-las-metas-de-ano-nuevo\/\" >\n\t\t\t\tOrganiza tu presupuesto para las metas de a\u00f1o nuevo\t\t\t<\/a>\n\t\t<\/h3>\n\t\t\n\t\t<a class=\"elementor-post__read-more\" href=\"https:\/\/blog.bancatlan.sv\/blog\/organiza-tu-presupuesto-para-las-metas-de-ano-nuevo\/\" aria-label=\"M\u00e1s informaci\u00f3n sobre Organiza tu presupuesto para las metas de a\u00f1o nuevo\" tabindex=\"-1\" >\n\t\t\tLeer m\u00e1s \u00bb\t\t<\/a>\n\n\t\t\t\t<\/div>\n\t\t\t\t<\/article>\n\t\t\t\t<article class=\"elementor-post elementor-grid-item post-891 post type-post status-publish format-standard has-post-thumbnail hentry category-consejos\">\n\t\t\t\t<a class=\"elementor-post__thumbnail__link\" href=\"https:\/\/blog.bancatlan.sv\/blog\/fin-de-ano-con-proposito-vive-comparte-y-ahorra-con-intencion\/\" tabindex=\"-1\" >\n\t\t\t<div class=\"elementor-post__thumbnail\"><img loading=\"lazy\" decoding=\"async\" width=\"464\" height=\"309\" src=\"https:\/\/blog.bancatlan.sv\/blog\/wp-content\/uploads\/2026\/03\/garlands-new-year-shopping-presents-woman-is-near-christmas-tree-low.jpg\" class=\"attachment-full size-full wp-image-892\" alt=\"\" \/><\/div>\n\t\t<\/a>\n\t\t\t\t<div class=\"elementor-post__text\">\n\t\t\t\t<h3 class=\"elementor-post__title\">\n\t\t\t<a href=\"https:\/\/blog.bancatlan.sv\/blog\/fin-de-ano-con-proposito-vive-comparte-y-ahorra-con-intencion\/\" >\n\t\t\t\tFin de a\u00f1o con prop\u00f3sito: vive, comparte y ahorra con intenci\u00f3n\t\t\t<\/a>\n\t\t<\/h3>\n\t\t\n\t\t<a class=\"elementor-post__read-more\" href=\"https:\/\/blog.bancatlan.sv\/blog\/fin-de-ano-con-proposito-vive-comparte-y-ahorra-con-intencion\/\" aria-label=\"M\u00e1s informaci\u00f3n sobre Fin de a\u00f1o con prop\u00f3sito: vive, comparte y ahorra con intenci\u00f3n\" tabindex=\"-1\" >\n\t\t\tLeer m\u00e1s \u00bb\t\t<\/a>\n\n\t\t\t\t<\/div>\n\t\t\t\t<\/article>\n\t\t\t\t<article class=\"elementor-post elementor-grid-item post-887 post type-post status-publish format-standard has-post-thumbnail hentry category-consejos\">\n\t\t\t\t<a class=\"elementor-post__thumbnail__link\" href=\"https:\/\/blog.bancatlan.sv\/blog\/manejo-de-flujo-de-caja-un-indicador-de-la-salud-financiera\/\" tabindex=\"-1\" >\n\t\t\t<div class=\"elementor-post__thumbnail\"><img loading=\"lazy\" decoding=\"async\" width=\"464\" height=\"309\" src=\"https:\/\/blog.bancatlan.sv\/blog\/wp-content\/uploads\/2025\/10\/Manejo-de-flujo-de-caja-un-indicador-de-la-salud-financiera.jpg\" class=\"attachment-full size-full wp-image-889\" alt=\"\" \/><\/div>\n\t\t<\/a>\n\t\t\t\t<div class=\"elementor-post__text\">\n\t\t\t\t<h3 class=\"elementor-post__title\">\n\t\t\t<a href=\"https:\/\/blog.bancatlan.sv\/blog\/manejo-de-flujo-de-caja-un-indicador-de-la-salud-financiera\/\" >\n\t\t\t\tManejo de flujo de caja: un indicador de la salud financiera\t\t\t<\/a>\n\t\t<\/h3>\n\t\t\n\t\t<a class=\"elementor-post__read-more\" href=\"https:\/\/blog.bancatlan.sv\/blog\/manejo-de-flujo-de-caja-un-indicador-de-la-salud-financiera\/\" aria-label=\"M\u00e1s informaci\u00f3n sobre Manejo de flujo de caja: un indicador de la salud financiera\" tabindex=\"-1\" >\n\t\t\tLeer m\u00e1s \u00bb\t\t<\/a>\n\n\t\t\t\t<\/div>\n\t\t\t\t<\/article>\n\t\t\t\t<article class=\"elementor-post elementor-grid-item post-834 post type-post status-publish format-standard has-post-thumbnail hentry category-consejos\">\n\t\t\t\t<a class=\"elementor-post__thumbnail__link\" href=\"https:\/\/blog.bancatlan.sv\/blog\/consejos-para-identificar-la-suplantacion-de-identidad\/\" tabindex=\"-1\" >\n\t\t\t<div class=\"elementor-post__thumbnail\"><img loading=\"lazy\" decoding=\"async\" width=\"464\" height=\"309\" src=\"https:\/\/blog.bancatlan.sv\/blog\/wp-content\/uploads\/2025\/05\/empresaria-celebrando-buenas-noticias-frente-la-computadora-portatil-low-1.jpg\" class=\"attachment-full size-full wp-image-836\" alt=\"\" \/><\/div>\n\t\t<\/a>\n\t\t\t\t<div class=\"elementor-post__text\">\n\t\t\t\t<h3 class=\"elementor-post__title\">\n\t\t\t<a href=\"https:\/\/blog.bancatlan.sv\/blog\/consejos-para-identificar-la-suplantacion-de-identidad\/\" >\n\t\t\t\tConsejos para identificar la suplantaci\u00f3n de identidad\t\t\t<\/a>\n\t\t<\/h3>\n\t\t\n\t\t<a class=\"elementor-post__read-more\" href=\"https:\/\/blog.bancatlan.sv\/blog\/consejos-para-identificar-la-suplantacion-de-identidad\/\" aria-label=\"M\u00e1s informaci\u00f3n sobre Consejos para identificar la suplantaci\u00f3n de identidad\" tabindex=\"-1\" >\n\t\t\tLeer m\u00e1s \u00bb\t\t<\/a>\n\n\t\t\t\t<\/div>\n\t\t\t\t<\/article>\n\t\t\t\t<\/div>\n\t\t\n\t\t\t\t<div class=\"e-load-more-anchor\" data-page=\"1\" data-max-page=\"2\" data-next-page=\"https:\/\/blog.bancatlan.sv\/blog\/wp-json\/wp\/v2\/pages\/486\/page\/2\/\"><\/div>\n\t\t\t\t<nav class=\"elementor-pagination\" aria-label=\"Paginaci\u00f3n\">\n\t\t\t<span aria-current=\"page\" class=\"page-numbers current\"><span class=\"elementor-screen-only\">P\u00e1gina<\/span>1<\/span>\r\n<a class=\"page-numbers\" href=\"https:\/\/blog.bancatlan.sv\/blog\/wp-json\/wp\/v2\/pages\/486\/page\/2\/\"><span class=\"elementor-screen-only\">P\u00e1gina<\/span>2<\/a>\t\t<\/nav>\n\t\t\t\t<\/div>\n\t\t\t\t<\/div>\n\t\t\t\t\t<\/div>\n\t\t<\/div>\n\t\t\t\t\t\t\t<\/div>\n\t\t<\/section>\n\t\t\t\t\t\t\t<\/div>\n\t\t","protected":false},"excerpt":{"rendered":"","protected":false},"author":1,"featured_media":544,"parent":0,"menu_order":0,"comment_status":"closed","ping_status":"closed","template":"elementor_theme","meta":{"footnotes":""},"class_list":["post-486","page","type-page","status-publish","has-post-thumbnail","hentry"],"_links":{"self":[{"href":"https:\/\/blog.bancatlan.sv\/blog\/wp-json\/wp\/v2\/pages\/486","targetHints":{"allow":["GET"]}}],"collection":[{"href":"https:\/\/blog.bancatlan.sv\/blog\/wp-json\/wp\/v2\/pages"}],"about":[{"href":"https:\/\/blog.bancatlan.sv\/blog\/wp-json\/wp\/v2\/types\/page"}],"author":[{"embeddable":true,"href":"https:\/\/blog.bancatlan.sv\/blog\/wp-json\/wp\/v2\/users\/1"}],"replies":[{"embeddable":true,"href":"https:\/\/blog.bancatlan.sv\/blog\/wp-json\/wp\/v2\/comments?post=486"}],"version-history":[{"count":29,"href":"https:\/\/blog.bancatlan.sv\/blog\/wp-json\/wp\/v2\/pages\/486\/revisions"}],"predecessor-version":[{"id":669,"href":"https:\/\/blog.bancatlan.sv\/blog\/wp-json\/wp\/v2\/pages\/486\/revisions\/669"}],"wp:featuredmedia":[{"embeddable":true,"href":"https:\/\/blog.bancatlan.sv\/blog\/wp-json\/wp\/v2\/media\/544"}],"wp:attachment":[{"href":"https:\/\/blog.bancatlan.sv\/blog\/wp-json\/wp\/v2\/media?parent=486"}],"curies":[{"name":"wp","href":"https:\/\/api.w.org\/{rel}","templated":true}]}}